actors of 159345201.
3, 53115067
What are the prime factors of 51911358?
2, 3, 8651893
What are the prime factors of 9502865?
5, 29, 65537
List the prime factors of 87628134.
2, 3, 11, 31, 42829
What are the prime factors of 24353150?
2, 5, 571, 853
What are the prime factors of 64839404?
2, 7, 2315693
List the prime factors of 215100076.
2, 29, 53, 59, 593
List the prime factors of 47030292.
2, 3, 53, 157
What are the prime factors of 2208576641?
17, 373, 379, 919
List the prime factors of 58083271.
17, 3416663
List the prime factors of 44280519.
3, 113, 130621
List the prime factors of 1794220022.
2, 7, 173, 740801
What are the prime factors of 24637806?
2, 3, 97, 103, 137
What are the prime factors of 46788548?
2, 31, 377327
List the prime factors of 54847445.
5, 10969489
What are the prime factors of 9711473?
9711473
What are the prime factors of 1815906169?
7, 11, 101, 21227
List the prime factors of 378733.
378733
List the prime factors of 140524969.
13, 19, 139, 4093
What are the prime factors of 6854281522?
2, 11, 311558251
List the prime factors of 237038657.
1697, 139681
List the prime factors of 69282813.
3, 619, 37309
List the prime factors of 2808208.
2, 13, 23, 587
List the prime factors of 2855386762.
2, 5867, 243343
List the prime factors of 11514008.
2, 11, 130841
What are the prime factors of 301260407?
7, 43037201
List the prime factors of 125967553.
4421, 28493
What are the prime factors of 22192027?
11, 13, 311, 499
What are the prime factors of 663283984?
2, 11, 1489, 2531
List the prime factors of 37944766.
2, 18972383
List the prime factors of 1847217349.
43, 42958543
What are the prime factors of 38064527?
37, 257, 4003
List the prime factors of 1038613271.
41, 43, 577, 1021
What are the prime factors of 221508936?
2, 3, 11, 37, 7559
List the prime factors of 887866442.
2, 73, 313, 19429
What are the prime factors of 3874782015?
3, 5, 13, 245317
What are the prime factors of 1717452511?
1717452511
What are the prime factors of 2841704822?
2, 11, 97, 1331633
What are the prime factors of 870200123?
13, 541, 123731
What are the prime factors of 232939889?
7, 13, 263, 9733
What are the prime factors of 23656609?
23656609
List the prime factors of 22705629.
3, 103, 197, 373
List the prime factors of 1886219004.
2, 3, 37, 419, 10139
What are the prime factors of 54868364?
2, 47, 291853
List the prime factors of 766779275.
5, 211, 145361
What are the prime factors of 36068726?
2, 19, 53, 17909
List the prime factors of 202167300.
2, 3, 5, 673891
List the prime factors of 5725046514.
2, 3, 11, 17, 463867
List the prime factors of 270919125.
3, 5, 281, 857
List the prime factors of 70335082.
2, 35167541
What are the prime factors of 142395726?
2, 3, 11, 2157511
List the prime factors of 20940078.
2, 3, 1621, 2153
What are the prime factors of 73204514?
2, 61, 193, 3109
List the prime factors of 1188107081.
7, 169729583
List the prime factors of 45605145.
3, 5, 3040343
List the prime factors of 33955010.
2, 5, 3395501
List the prime factors of 5535426179.
71, 419, 186071
List the prime factors of 71985592.
2, 7, 73, 17609
List the prime factors of 1599290736.
2, 3, 3637, 9161
What are the prime factors of 94843529?
11, 79, 109141
List the prime factors of 3664533556.
2, 8623, 106243
List the prime factors of 1359212787.
3, 47, 3213269
List the prime factors of 77794571.
67, 1161113
List the prime factors of 63559558.
2, 31779779
What are the prime factors of 9626621?
9626621
List the prime factors of 474600359.
31, 1699, 9011
List the prime factors of 198743816.
2, 457, 54361
What are the prime factors of 1062531?
3, 23, 29, 59
What are the prime factors of 3400582428?
2, 3, 3701, 25523
What are the prime factors of 3055897418?
2, 7, 47, 4644221
What are the prime factors of 734095036?
2, 183523759
List the prime factors of 1569438335.
5, 47, 6678461
What are the prime factors of 1245122455?
5, 249024491
What are the prime factors of 36410446?
2, 3583, 5081
What are the prime factors of 64011358?
2, 17, 191, 9857
What are the prime factors of 196172594?
2, 37, 2650981
What are the prime factors of 1746456159?
3, 7, 53, 1051, 1493
List the prime factors of 35798962.
2, 43, 547, 761
List the prime factors of 1901515595.
5, 7, 4159, 13063
What are the prime factors of 907856806?
2, 453928403
List the prime factors of 9195741.
3, 340583
What are the prime factors of 2330263399?
3769, 618271
List the prime factors of 642420259.
13, 17, 2906879
List the prime factors of 4301955413.
7, 3853, 159503
What are the prime factors of 289265291?
7, 19, 41, 53047
What are the prime factors of 2546195596?
2, 7, 79, 1151083
What are the prime factors of 23275911?
3, 163, 47599
What are the prime factors of 552245327?
479, 1152913
What are the prime factors of 193776644?
2, 971, 49891
What are the prime factors of 21971776?
2, 343309
List the prime factors of 48852708.
2, 3, 59, 69001
What are the prime factors of 6547171030?
2, 5, 23, 307, 92723
What are the prime factors of 3716863?
17, 131, 1669
What are the prime factors of 58644765?
3, 5, 53, 67, 367
What are the prime factors of 2776324?
2, 694081
What are the prime factors of 189334342?
2, 1567, 60413
List the prime factors of 492761800.
2, 5, 521, 4729
What are the prime factors of 1644938812?
2, 11, 29, 44453
List the prime factors of 1011970509.
3, 11, 17, 661, 2729
What are the prime factors of 109081666?
2, 54540833
What are the prime factors of 50101545?
3, 5, 13, 256931
List the prime factors of 843106683.
3, 199, 1412239
What are the prime factors of 362746853?
7, 37, 101, 283
What are the prime factors of 448761036?
2, 3, 17, 137, 16057
List the prime factors of 844512525.
3, 5, 137, 27397
List the prime factors of 28002160.
2, 5, 541, 647
List the prime factors of 7523315065.
5, 7, 17, 23, 549749
What are the prime factors of 235102770?
2, 3, 5, 7, 19, 6547
List the prime factors of 87431071.
7, 13, 137, 7013
What are the prime factors of 35300898?
2, 3, 19, 233, 443
List the prime factors of 142226482.
2, 2027, 35083
List the prime factors of 60429121.
41, 131, 11251
List the prime factors of 1443081832.
2, 180385229
List the prime factors of 1907787540.
2, 3, 5, 2029, 15671
List the prime factors of 1253169593.
13, 96397661
List the prime factors of 475782712.
2, 59472839
What are the prime factors of 3725683842?
2, 3, 23, 26997709
What are the prime factors of 169199230?
2, 5, 16919923
List the prime factors of 113812110.
2, 3, 5, 17, 73, 1019
List the prime factors of 5112740715.
3, 5, 3299, 103319
What are the prime factors of 493998105?
3, 5, 32933207
What are the prime factors of 69712647?
3, 167, 347, 401
List the prime factors of 168237088.
2, 23, 179, 1277
List the prime factors of 1696670.
2, 5, 169667
List the prime factors of 262780305.
3, 5, 17, 1030511
What are the prime factors of 77137252?
2, 19284313
What are the prime factors of 80443301?
131, 614071
What are the prime factors of 33528523?
7, 4789789
List the prime factors of 78423288.
2, 3, 601, 5437
What are the prime factors of 20438633?
20438633
List the prime factors of 819910377.
3, 11, 13, 73, 2909
List the prime factors of 314518626.
2, 3, 41, 47353
List the prime factors of 3110191264.
2, 163, 596279
List the prime factors of 6447584742.
2, 3, 1074597457
What are the prime factors of 20015505?
3, 5, 73, 677
What are the prime factors of 1518130284?
2, 3, 11, 11500987
What are the prime factors of 11154613?
11154613
What are the prime factors of 142925736?
2, 3, 53, 112363
List the prime factors of 983959168.
2, 7687181
List the prime factors of 3677282146.
2, 53, 34691341
What are the prime factors of 35127899?
17, 67, 30841
List the prime factors of 4001959537.
107, 163, 269, 853
What are the prime factors of 1253823761?
21563, 58147
What are the prime factors of 51445167?
3, 263, 65203
What are the prime factors of 197603208?
2, 3, 11, 249499
List the prime factors of 573313099.
1327, 432037
What are the prime factors of 1675893?
3, 101, 5531
List the prime factors of 92754671.
37, 2506883
List the prime factors of 10688109.
3, 241, 14783
What are the prime factors of 51333956?
2, 12833489
What are the prime factors of 2426491488?
2, 3, 113, 223681
What are the prime factors of 644199514?
2, 7,